{"id":106,"date":"2025-09-05T09:45:04","date_gmt":"2025-09-05T09:45:04","guid":{"rendered":"https:\/\/hamburger-katzen.de\/?page_id=106"},"modified":"2025-11-06T16:28:39","modified_gmt":"2025-11-06T16:28:39","slug":"mobile-katzenbetreuung-5","status":"publish","type":"page","link":"https:\/\/hamburger-katzen.de\/?page_id=106","title":{"rendered":"mobile Katzenbetreuung"},"content":{"rendered":"<nav class=\"is-responsive wp-block-navigation is-layout-flex wp-block-navigation-is-layout-flex\" aria-label=\"Navigation\" \n\t\t data-wp-interactive=\"core\/navigation\" data-wp-context='{\"overlayOpenedBy\":{\"click\":false,\"hover\":false,\"focus\":false},\"type\":\"overlay\",\"roleAttribute\":\"\",\"ariaLabel\":\"Men\\u00fc\"}'><button aria-haspopup=\"dialog\" aria-label=\"Men\u00fc \u00f6ffnen\" class=\"wp-block-navigation__responsive-container-open\" \n\t\t\t\tdata-wp-on--click=\"actions.openMenuOnClick\"\n\t\t\t\tdata-wp-on--keydown=\"actions.handleMenuKeydown\"\n\t\t\t><svg width=\"24\" height=\"24\" xmlns=\"http:\/\/www.w3.org\/2000\/svg\" viewBox=\"0 0 24 24\" aria-hidden=\"true\" focusable=\"false\"><path d=\"M4 7.5h16v1.5H4z\"><\/path><path d=\"M4 15h16v1.5H4z\"><\/path><\/svg><\/button>\n\t\t\t\t<div class=\"wp-block-navigation__responsive-container\"  id=\"modal-1\" \n\t\t\t\tdata-wp-class--has-modal-open=\"state.isMenuOpen\"\n\t\t\t\tdata-wp-class--is-menu-open=\"state.isMenuOpen\"\n\t\t\t\tdata-wp-watch=\"callbacks.initMenu\"\n\t\t\t\tdata-wp-on--keydown=\"actions.handleMenuKeydown\"\n\t\t\t\tdata-wp-on--focusout=\"actions.handleMenuFocusout\"\n\t\t\t\ttabindex=\"-1\"\n\t\t\t>\n\t\t\t\t\t<div class=\"wp-block-navigation__responsive-close\" tabindex=\"-1\">\n\t\t\t\t\t\t<div class=\"wp-block-navigation__responsive-dialog\" \n\t\t\t\tdata-wp-bind--aria-modal=\"state.ariaModal\"\n\t\t\t\tdata-wp-bind--aria-label=\"state.ariaLabel\"\n\t\t\t\tdata-wp-bind--role=\"state.roleAttribute\"\n\t\t\t>\n\t\t\t\t\t\t\t<button aria-label=\"Men\u00fc schlie\u00dfen\" class=\"wp-block-navigation__responsive-container-close\" \n\t\t\t\tdata-wp-on--click=\"actions.closeMenuOnClick\"\n\t\t\t><svg xmlns=\"http:\/\/www.w3.org\/2000\/svg\" viewBox=\"0 0 24 24\" width=\"24\" height=\"24\" aria-hidden=\"true\" focusable=\"false\"><path d=\"m13.06 12 6.47-6.47-1.06-1.06L12 10.94 5.53 4.47 4.47 5.53 10.94 12l-6.47 6.47 1.06 1.06L12 13.06l6.47 6.47 1.06-1.06L13.06 12Z\"><\/path><\/svg><\/button>\n\t\t\t\t\t\t\t<div class=\"wp-block-navigation__responsive-container-content\" \n\t\t\t\tdata-wp-watch=\"callbacks.focusFirstElement\"\n\t\t\t id=\"modal-1-content\">\n\t\t\t\t\t\t\t\t<ul class=\"wp-block-navigation__container is-responsive wp-block-navigation\"><li class=\" wp-block-navigation-item wp-block-navigation-link\"><a class=\"wp-block-navigation-item__content\"  href=\"https:\/\/hamburger-katzen.de\/\"><span class=\"wp-block-navigation-item__label\">Start<\/span><\/a><\/li><li class=\" wp-block-navigation-item wp-block-navigation-link\"><a class=\"wp-block-navigation-item__content\"  href=\"https:\/\/hamburger-katzen.de\/?page_id=101\"><span class=\"wp-block-navigation-item__label\">\u00fcber mich<\/span><\/a><\/li><li class=\" wp-block-navigation-item wp-block-navigation-link\"><a class=\"wp-block-navigation-item__content\"  href=\"https:\/\/hamburger-katzen.de\/?page_id=106\"><span class=\"wp-block-navigation-item__label\">mobile Katzenbetreuung<\/span><\/a><\/li><li class=\" wp-block-navigation-item wp-block-navigation-link\"><a class=\"wp-block-navigation-item__content\"  href=\"https:\/\/hamburger-katzen.de\/?page_id=124\"><span class=\"wp-block-navigation-item__label\">Leistungen<\/span><\/a><\/li><li class=\" wp-block-navigation-item wp-block-navigation-link\"><a class=\"wp-block-navigation-item__content\"  href=\"https:\/\/hamburger-katzen.de\/?page_id=111\"><span class=\"wp-block-navigation-item__label\">Preise<\/span><\/a><\/li><li class=\" wp-block-navigation-item wp-block-navigation-link\"><a class=\"wp-block-navigation-item__content\"  href=\"https:\/\/hamburger-katzen.de\/?page_id=120\"><span class=\"wp-block-navigation-item__label\">Impressum\/Kontakt<\/span><\/a><\/li><\/ul>\n\t\t\t\t\t\t\t<\/div>\n\t\t\t\t\t\t<\/div>\n\t\t\t\t\t<\/div>\n\t\t\t\t<\/div><\/nav>\n\n\n<h1 class=\"wp-block-heading\">Mobile Katzenbetreuung<\/h1>\n\n\n\n<p id=\"block-66d40af3-bd46-4ded-b489-392d94239c2b\"><strong>Heike Tenfelde<\/strong><\/p>\n\n\n\n<p id=\"block-ecb99192-15b4-4b88-b2b6-1b42537aea41\">\u2026..<strong>denn nirgendwo ist es sch\u00f6ner als daheim!<\/strong><br><strong>(Das wissen Katzen am besten.)<\/strong><\/p>\n\n\n\n<figure class=\"wp-block-image size-large is-resized\"><img loading=\"lazy\" decoding=\"async\" width=\"1024\" height=\"768\" src=\"https:\/\/hamburger-katzen.de\/wp-content\/uploads\/2025\/10\/P2140808-1024x768.jpg\" alt=\"\" class=\"wp-image-225\" style=\"width:520px;height:auto\" srcset=\"https:\/\/hamburger-katzen.de\/wp-content\/uploads\/2025\/10\/P2140808-1024x768.jpg 1024w, https:\/\/hamburger-katzen.de\/wp-content\/uploads\/2025\/10\/P2140808-300x225.jpg 300w, https:\/\/hamburger-katzen.de\/wp-content\/uploads\/2025\/10\/P2140808-768x576.jpg 768w, https:\/\/hamburger-katzen.de\/wp-content\/uploads\/2025\/10\/P2140808-1536x1152.jpg 1536w, https:\/\/hamburger-katzen.de\/wp-content\/uploads\/2025\/10\/P2140808-2048x1536.jpg 2048w\" sizes=\"auto, (max-width: 1024px) 100vw, 1024px\" \/><figcaption class=\"wp-element-caption\">Felix beim Fr\u00fchsport ( R\u00fcckengymnastik)<\/figcaption><\/figure>\n\n\n\n<p id=\"block-ecb99192-15b4-4b88-b2b6-1b42537aea41\"><br>Ich wei\u00df, wie es sich anf\u00fchlt, wenn man seine Katze nicht so umsorgen kann, wie man es gerne m\u00f6chte.<br>Wenn der Beruf einen den ganzen Tag beansprucht, ein Krankenhausaufenthalt pl\u00f6tzlich bevorsteht oder der wohlverdiente Urlaub ruft \u2013 und die geliebte Samtpfote kann nicht mit.<br>Gerade in solchen Momenten ist es beruhigend zu wissen:<br>Meine Katze ist in liebevollen, erfahrenen H\u00e4nden.<br>Ich bin f\u00fcr Sie da, wenn Sie jemanden suchen, der nicht nur f\u00fcttert, sondern wirklich betreut.<br>Jemanden, der Zeit hat f\u00fcr Streicheleinheiten, f\u00fcr ein paar liebe Worte, f\u00fcr das B\u00fcrsten und Bauchkraulen \u2013 und der auch aufmerksam hinschaut, ob es Ihrer Mieze gut geht.<\/p>\n\n\n\n<p id=\"block-ecb99192-15b4-4b88-b2b6-1b42537aea41\">Rufen Sie mich an wenn :<br><\/p>\n\n\n\n<ul class=\"wp-block-list\">\n<li>Sie Ihren Urlaub planen<\/li>\n\n\n\n<li>Berufliche Termine Sie kurzfristig aus Hamburg f\u00fchren<\/li>\n\n\n\n<li>Sie \u00fcbers Wochenende verreisen m\u00f6chten<\/li>\n\n\n\n<li>Ein Krankenhausaufenthalt oder eine Reha bevorsteht<\/li>\n<\/ul>\n\n\n\n<p id=\"block-ecb99192-15b4-4b88-b2b6-1b42537aea41\"><br>Ich komme zu Ihnen nach Hause und k\u00fcmmere mich um Ihre Katze \u2013 in ihrer vertrauten Umgebung, mit Ruhe, Geduld und ganz viel Herz.<\/p>\n\n\n\n<p id=\"block-ecb99192-15b4-4b88-b2b6-1b42537aea41\"><br>Denn als \u201er\u00fcstige Rentnerin\u201c habe ich nicht nur Zeit \u2013 sondern auch die Erfahrung und das Gesp\u00fcr, das Katzen brauchen.<br>Vertrauen Sie mir Ihr Herz auf vier Pfoten an.<br>Ich freue mich darauf, Ihre Mieze kennenzulernen.<br>Herzlichst,<br>Heike Tenfelde<\/p>\n\n\n\n<figure class=\"wp-block-image size-full is-resized\"><img loading=\"lazy\" decoding=\"async\" width=\"640\" height=\"492\" src=\"https:\/\/hamburger-katzen.de\/wp-content\/uploads\/2025\/09\/werbung-edited.jpg\" alt=\"\" class=\"wp-image-154\" style=\"width:554px;height:auto\" srcset=\"https:\/\/hamburger-katzen.de\/wp-content\/uploads\/2025\/09\/werbung-edited.jpg 640w, https:\/\/hamburger-katzen.de\/wp-content\/uploads\/2025\/09\/werbung-edited-300x231.jpg 300w\" sizes=\"auto, (max-width: 640px) 100vw, 640px\" \/><\/figure>\n\n\n\n<p><\/p>\n\n\n\n<p><\/p>\n","protected":false},"excerpt":{"rendered":"<p>Mobile Katzenbetreuung Heike Tenfelde \u2026..denn nirgendwo ist es sch\u00f6ner als daheim!(Das wissen Katzen am besten.) Ich wei\u00df, wie es sich anf\u00fchlt, wenn man seine Katze nicht so umsorgen kann, wie man es gerne m\u00f6chte.Wenn der Beruf einen den ganzen Tag beansprucht, ein Krankenhausaufenthalt pl\u00f6tzlich bevorsteht oder der wohlverdiente Urlaub ruft \u2013 und die geliebte Samtpfote [&hellip;]<\/p>\n","protected":false},"author":1,"featured_media":0,"parent":0,"menu_order":0,"comment_status":"closed","ping_status":"closed","template":"page-with-title","meta":{"footnotes":""},"class_list":["post-106","page","type-page","status-publish","hentry"],"yoast_head":"<!-- This site is optimized with the Yoast SEO plugin v27.4 - https:\/\/yoast.com\/product\/yoast-seo-wordpress\/ -->\n<title>mobile Katzenbetreuung - Hamburger Katzen<\/title>\n<meta name=\"robots\" content=\"index, follow, max-snippet:-1, max-image-preview:large, max-video-preview:-1\" \/>\n<link rel=\"canonical\" href=\"https:\/\/hamburger-katzen.de\/?page_id=106\" \/>\n<meta property=\"og:locale\" content=\"de_DE\" \/>\n<meta property=\"og:type\" content=\"article\" \/>\n<meta property=\"og:title\" content=\"mobile Katzenbetreuung - Hamburger Katzen\" \/>\n<meta property=\"og:description\" content=\"Mobile Katzenbetreuung Heike Tenfelde \u2026..denn nirgendwo ist es sch\u00f6ner als daheim!(Das wissen Katzen am besten.) Ich wei\u00df, wie es sich anf\u00fchlt, wenn man seine Katze nicht so umsorgen kann, wie man es gerne m\u00f6chte.Wenn der Beruf einen den ganzen Tag beansprucht, ein Krankenhausaufenthalt pl\u00f6tzlich bevorsteht oder der wohlverdiente Urlaub ruft \u2013 und die geliebte Samtpfote [&hellip;]\" \/>\n<meta property=\"og:url\" content=\"https:\/\/hamburger-katzen.de\/?page_id=106\" \/>\n<meta property=\"og:site_name\" content=\"Hamburger Katzen\" \/>\n<meta property=\"article:modified_time\" content=\"2025-11-06T16:28:39+00:00\" \/>\n<meta property=\"og:image\" content=\"https:\/\/hamburger-katzen.de\/wp-content\/uploads\/2025\/10\/P2140808-scaled.jpg\" \/>\n\t<meta property=\"og:image:width\" content=\"2560\" \/>\n\t<meta property=\"og:image:height\" content=\"1920\" \/>\n\t<meta property=\"og:image:type\" content=\"image\/jpeg\" \/>\n<meta name=\"twitter:card\" content=\"summary_large_image\" \/>\n<meta name=\"twitter:label1\" content=\"Gesch\u00e4tzte Lesezeit\" \/>\n\t<meta name=\"twitter:data1\" content=\"2\u00a0Minuten\" \/>\n<script type=\"application\/ld+json\" class=\"yoast-schema-graph\">{\"@context\":\"https:\\\/\\\/schema.org\",\"@graph\":[{\"@type\":\"WebPage\",\"@id\":\"https:\\\/\\\/hamburger-katzen.de\\\/?page_id=106\",\"url\":\"https:\\\/\\\/hamburger-katzen.de\\\/?page_id=106\",\"name\":\"mobile Katzenbetreuung - Hamburger Katzen\",\"isPartOf\":{\"@id\":\"https:\\\/\\\/hamburger-katzen.de\\\/#website\"},\"primaryImageOfPage\":{\"@id\":\"https:\\\/\\\/hamburger-katzen.de\\\/?page_id=106#primaryimage\"},\"image\":{\"@id\":\"https:\\\/\\\/hamburger-katzen.de\\\/?page_id=106#primaryimage\"},\"thumbnailUrl\":\"https:\\\/\\\/hamburger-katzen.de\\\/wp-content\\\/uploads\\\/2025\\\/10\\\/P2140808-1024x768.jpg\",\"datePublished\":\"2025-09-05T09:45:04+00:00\",\"dateModified\":\"2025-11-06T16:28:39+00:00\",\"breadcrumb\":{\"@id\":\"https:\\\/\\\/hamburger-katzen.de\\\/?page_id=106#breadcrumb\"},\"inLanguage\":\"de\",\"potentialAction\":[{\"@type\":\"ReadAction\",\"target\":[\"https:\\\/\\\/hamburger-katzen.de\\\/?page_id=106\"]}]},{\"@type\":\"ImageObject\",\"inLanguage\":\"de\",\"@id\":\"https:\\\/\\\/hamburger-katzen.de\\\/?page_id=106#primaryimage\",\"url\":\"https:\\\/\\\/hamburger-katzen.de\\\/wp-content\\\/uploads\\\/2025\\\/10\\\/P2140808-scaled.jpg\",\"contentUrl\":\"https:\\\/\\\/hamburger-katzen.de\\\/wp-content\\\/uploads\\\/2025\\\/10\\\/P2140808-scaled.jpg\",\"width\":2560,\"height\":1920,\"caption\":\"OLYMPUS DIGITAL CAMERA\"},{\"@type\":\"BreadcrumbList\",\"@id\":\"https:\\\/\\\/hamburger-katzen.de\\\/?page_id=106#breadcrumb\",\"itemListElement\":[{\"@type\":\"ListItem\",\"position\":1,\"name\":\"Startseite\",\"item\":\"https:\\\/\\\/hamburger-katzen.de\\\/\"},{\"@type\":\"ListItem\",\"position\":2,\"name\":\"mobile Katzenbetreuung\"}]},{\"@type\":\"WebSite\",\"@id\":\"https:\\\/\\\/hamburger-katzen.de\\\/#website\",\"url\":\"https:\\\/\\\/hamburger-katzen.de\\\/\",\"name\":\"mobile Katzenbetreuung Heike Tenfelde\",\"description\":\"mobile Katzenbetreuung\",\"publisher\":{\"@id\":\"https:\\\/\\\/hamburger-katzen.de\\\/#\\\/schema\\\/person\\\/e93d5b8b76285dcbe25d766431d31d2b\"},\"potentialAction\":[{\"@type\":\"SearchAction\",\"target\":{\"@type\":\"EntryPoint\",\"urlTemplate\":\"https:\\\/\\\/hamburger-katzen.de\\\/?s={search_term_string}\"},\"query-input\":{\"@type\":\"PropertyValueSpecification\",\"valueRequired\":true,\"valueName\":\"search_term_string\"}}],\"inLanguage\":\"de\"},{\"@type\":[\"Person\",\"Organization\"],\"@id\":\"https:\\\/\\\/hamburger-katzen.de\\\/#\\\/schema\\\/person\\\/e93d5b8b76285dcbe25d766431d31d2b\",\"name\":\"admin\",\"image\":{\"@type\":\"ImageObject\",\"inLanguage\":\"de\",\"@id\":\"https:\\\/\\\/hamburger-katzen.de\\\/wp-content\\\/uploads\\\/2025\\\/10\\\/favicon2_1274x1397-2.jpg\",\"url\":\"https:\\\/\\\/hamburger-katzen.de\\\/wp-content\\\/uploads\\\/2025\\\/10\\\/favicon2_1274x1397-2.jpg\",\"contentUrl\":\"https:\\\/\\\/hamburger-katzen.de\\\/wp-content\\\/uploads\\\/2025\\\/10\\\/favicon2_1274x1397-2.jpg\",\"width\":47,\"height\":52,\"caption\":\"admin\"},\"logo\":{\"@id\":\"https:\\\/\\\/hamburger-katzen.de\\\/wp-content\\\/uploads\\\/2025\\\/10\\\/favicon2_1274x1397-2.jpg\"},\"sameAs\":[\"https:\\\/\\\/hamburger-katzen.de\"]}]}<\/script>\n<!-- \/ Yoast SEO plugin. -->","yoast_head_json":{"title":"mobile Katzenbetreuung - Hamburger Katzen","robots":{"index":"index","follow":"follow","max-snippet":"max-snippet:-1","max-image-preview":"max-image-preview:large","max-video-preview":"max-video-preview:-1"},"canonical":"https:\/\/hamburger-katzen.de\/?page_id=106","og_locale":"de_DE","og_type":"article","og_title":"mobile Katzenbetreuung - Hamburger Katzen","og_description":"Mobile Katzenbetreuung Heike Tenfelde \u2026..denn nirgendwo ist es sch\u00f6ner als daheim!(Das wissen Katzen am besten.) Ich wei\u00df, wie es sich anf\u00fchlt, wenn man seine Katze nicht so umsorgen kann, wie man es gerne m\u00f6chte.Wenn der Beruf einen den ganzen Tag beansprucht, ein Krankenhausaufenthalt pl\u00f6tzlich bevorsteht oder der wohlverdiente Urlaub ruft \u2013 und die geliebte Samtpfote [&hellip;]","og_url":"https:\/\/hamburger-katzen.de\/?page_id=106","og_site_name":"Hamburger Katzen","article_modified_time":"2025-11-06T16:28:39+00:00","og_image":[{"width":2560,"height":1920,"url":"https:\/\/hamburger-katzen.de\/wp-content\/uploads\/2025\/10\/P2140808-scaled.jpg","type":"image\/jpeg"}],"twitter_card":"summary_large_image","twitter_misc":{"Gesch\u00e4tzte Lesezeit":"2\u00a0Minuten"},"schema":{"@context":"https:\/\/schema.org","@graph":[{"@type":"WebPage","@id":"https:\/\/hamburger-katzen.de\/?page_id=106","url":"https:\/\/hamburger-katzen.de\/?page_id=106","name":"mobile Katzenbetreuung - Hamburger Katzen","isPartOf":{"@id":"https:\/\/hamburger-katzen.de\/#website"},"primaryImageOfPage":{"@id":"https:\/\/hamburger-katzen.de\/?page_id=106#primaryimage"},"image":{"@id":"https:\/\/hamburger-katzen.de\/?page_id=106#primaryimage"},"thumbnailUrl":"https:\/\/hamburger-katzen.de\/wp-content\/uploads\/2025\/10\/P2140808-1024x768.jpg","datePublished":"2025-09-05T09:45:04+00:00","dateModified":"2025-11-06T16:28:39+00:00","breadcrumb":{"@id":"https:\/\/hamburger-katzen.de\/?page_id=106#breadcrumb"},"inLanguage":"de","potentialAction":[{"@type":"ReadAction","target":["https:\/\/hamburger-katzen.de\/?page_id=106"]}]},{"@type":"ImageObject","inLanguage":"de","@id":"https:\/\/hamburger-katzen.de\/?page_id=106#primaryimage","url":"https:\/\/hamburger-katzen.de\/wp-content\/uploads\/2025\/10\/P2140808-scaled.jpg","contentUrl":"https:\/\/hamburger-katzen.de\/wp-content\/uploads\/2025\/10\/P2140808-scaled.jpg","width":2560,"height":1920,"caption":"OLYMPUS DIGITAL CAMERA"},{"@type":"BreadcrumbList","@id":"https:\/\/hamburger-katzen.de\/?page_id=106#breadcrumb","itemListElement":[{"@type":"ListItem","position":1,"name":"Startseite","item":"https:\/\/hamburger-katzen.de\/"},{"@type":"ListItem","position":2,"name":"mobile Katzenbetreuung"}]},{"@type":"WebSite","@id":"https:\/\/hamburger-katzen.de\/#website","url":"https:\/\/hamburger-katzen.de\/","name":"mobile Katzenbetreuung Heike Tenfelde","description":"mobile Katzenbetreuung","publisher":{"@id":"https:\/\/hamburger-katzen.de\/#\/schema\/person\/e93d5b8b76285dcbe25d766431d31d2b"},"potentialAction":[{"@type":"SearchAction","target":{"@type":"EntryPoint","urlTemplate":"https:\/\/hamburger-katzen.de\/?s={search_term_string}"},"query-input":{"@type":"PropertyValueSpecification","valueRequired":true,"valueName":"search_term_string"}}],"inLanguage":"de"},{"@type":["Person","Organization"],"@id":"https:\/\/hamburger-katzen.de\/#\/schema\/person\/e93d5b8b76285dcbe25d766431d31d2b","name":"admin","image":{"@type":"ImageObject","inLanguage":"de","@id":"https:\/\/hamburger-katzen.de\/wp-content\/uploads\/2025\/10\/favicon2_1274x1397-2.jpg","url":"https:\/\/hamburger-katzen.de\/wp-content\/uploads\/2025\/10\/favicon2_1274x1397-2.jpg","contentUrl":"https:\/\/hamburger-katzen.de\/wp-content\/uploads\/2025\/10\/favicon2_1274x1397-2.jpg","width":47,"height":52,"caption":"admin"},"logo":{"@id":"https:\/\/hamburger-katzen.de\/wp-content\/uploads\/2025\/10\/favicon2_1274x1397-2.jpg"},"sameAs":["https:\/\/hamburger-katzen.de"]}]}},"_links":{"self":[{"href":"https:\/\/hamburger-katzen.de\/index.php?rest_route=\/wp\/v2\/pages\/106","targetHints":{"allow":["GET"]}}],"collection":[{"href":"https:\/\/hamburger-katzen.de\/index.php?rest_route=\/wp\/v2\/pages"}],"about":[{"href":"https:\/\/hamburger-katzen.de\/index.php?rest_route=\/wp\/v2\/types\/page"}],"author":[{"embeddable":true,"href":"https:\/\/hamburger-katzen.de\/index.php?rest_route=\/wp\/v2\/users\/1"}],"replies":[{"embeddable":true,"href":"https:\/\/hamburger-katzen.de\/index.php?rest_route=%2Fwp%2Fv2%2Fcomments&post=106"}],"version-history":[{"count":11,"href":"https:\/\/hamburger-katzen.de\/index.php?rest_route=\/wp\/v2\/pages\/106\/revisions"}],"predecessor-version":[{"id":230,"href":"https:\/\/hamburger-katzen.de\/index.php?rest_route=\/wp\/v2\/pages\/106\/revisions\/230"}],"wp:attachment":[{"href":"https:\/\/hamburger-katzen.de\/index.php?rest_route=%2Fwp%2Fv2%2Fmedia&parent=106"}],"curies":[{"name":"wp","href":"https:\/\/api.w.org\/{rel}","templated":true}]}}