{"id":101,"date":"2025-09-05T09:34:42","date_gmt":"2025-09-05T09:34:42","guid":{"rendered":"https:\/\/hamburger-katzen.de\/?page_id=101"},"modified":"2025-10-25T17:01:08","modified_gmt":"2025-10-25T17:01:08","slug":"ueber-mich-2","status":"publish","type":"page","link":"https:\/\/hamburger-katzen.de\/?page_id=101","title":{"rendered":"\u00fcber mich"},"content":{"rendered":"<nav class=\"is-responsive wp-block-navigation is-layout-flex wp-block-navigation-is-layout-flex\" aria-label=\"Navigation\" \n\t\t data-wp-interactive=\"core\/navigation\" data-wp-context='{\"overlayOpenedBy\":{\"click\":false,\"hover\":false,\"focus\":false},\"type\":\"overlay\",\"roleAttribute\":\"\",\"ariaLabel\":\"Men\\u00fc\"}'><button aria-haspopup=\"dialog\" aria-label=\"Men\u00fc \u00f6ffnen\" class=\"wp-block-navigation__responsive-container-open\" \n\t\t\t\tdata-wp-on--click=\"actions.openMenuOnClick\"\n\t\t\t\tdata-wp-on--keydown=\"actions.handleMenuKeydown\"\n\t\t\t><svg width=\"24\" height=\"24\" xmlns=\"http:\/\/www.w3.org\/2000\/svg\" viewBox=\"0 0 24 24\" aria-hidden=\"true\" focusable=\"false\"><path d=\"M4 7.5h16v1.5H4z\"><\/path><path d=\"M4 15h16v1.5H4z\"><\/path><\/svg><\/button>\n\t\t\t\t<div class=\"wp-block-navigation__responsive-container\"  id=\"modal-1\" \n\t\t\t\tdata-wp-class--has-modal-open=\"state.isMenuOpen\"\n\t\t\t\tdata-wp-class--is-menu-open=\"state.isMenuOpen\"\n\t\t\t\tdata-wp-watch=\"callbacks.initMenu\"\n\t\t\t\tdata-wp-on--keydown=\"actions.handleMenuKeydown\"\n\t\t\t\tdata-wp-on--focusout=\"actions.handleMenuFocusout\"\n\t\t\t\ttabindex=\"-1\"\n\t\t\t>\n\t\t\t\t\t<div class=\"wp-block-navigation__responsive-close\" tabindex=\"-1\">\n\t\t\t\t\t\t<div class=\"wp-block-navigation__responsive-dialog\" \n\t\t\t\tdata-wp-bind--aria-modal=\"state.ariaModal\"\n\t\t\t\tdata-wp-bind--aria-label=\"state.ariaLabel\"\n\t\t\t\tdata-wp-bind--role=\"state.roleAttribute\"\n\t\t\t>\n\t\t\t\t\t\t\t<button aria-label=\"Men\u00fc schlie\u00dfen\" class=\"wp-block-navigation__responsive-container-close\" \n\t\t\t\tdata-wp-on--click=\"actions.closeMenuOnClick\"\n\t\t\t><svg xmlns=\"http:\/\/www.w3.org\/2000\/svg\" viewBox=\"0 0 24 24\" width=\"24\" height=\"24\" aria-hidden=\"true\" focusable=\"false\"><path d=\"m13.06 12 6.47-6.47-1.06-1.06L12 10.94 5.53 4.47 4.47 5.53 10.94 12l-6.47 6.47 1.06 1.06L12 13.06l6.47 6.47 1.06-1.06L13.06 12Z\"><\/path><\/svg><\/button>\n\t\t\t\t\t\t\t<div class=\"wp-block-navigation__responsive-container-content\" \n\t\t\t\tdata-wp-watch=\"callbacks.focusFirstElement\"\n\t\t\t id=\"modal-1-content\">\n\t\t\t\t\t\t\t\t<ul class=\"wp-block-navigation__container is-responsive wp-block-navigation\"><li class=\" wp-block-navigation-item wp-block-navigation-link\"><a class=\"wp-block-navigation-item__content\"  href=\"https:\/\/hamburger-katzen.de\/\"><span class=\"wp-block-navigation-item__label\">Start<\/span><\/a><\/li><li class=\" wp-block-navigation-item wp-block-navigation-link\"><a class=\"wp-block-navigation-item__content\"  href=\"https:\/\/hamburger-katzen.de\/?page_id=101\"><span class=\"wp-block-navigation-item__label\">\u00fcber mich<\/span><\/a><\/li><li class=\" wp-block-navigation-item wp-block-navigation-link\"><a class=\"wp-block-navigation-item__content\"  href=\"https:\/\/hamburger-katzen.de\/?page_id=106\"><span class=\"wp-block-navigation-item__label\">mobile Katzenbetreuung<\/span><\/a><\/li><li class=\" wp-block-navigation-item wp-block-navigation-link\"><a class=\"wp-block-navigation-item__content\"  href=\"https:\/\/hamburger-katzen.de\/?page_id=124\"><span class=\"wp-block-navigation-item__label\">Leistungen<\/span><\/a><\/li><li class=\" wp-block-navigation-item wp-block-navigation-link\"><a class=\"wp-block-navigation-item__content\"  href=\"https:\/\/hamburger-katzen.de\/?page_id=111\"><span class=\"wp-block-navigation-item__label\">Preise<\/span><\/a><\/li><li class=\" wp-block-navigation-item wp-block-navigation-link\"><a class=\"wp-block-navigation-item__content\"  href=\"https:\/\/hamburger-katzen.de\/?page_id=120\"><span class=\"wp-block-navigation-item__label\">Impressum\/Kontakt<\/span><\/a><\/li><\/ul>\n\t\t\t\t\t\t\t<\/div>\n\t\t\t\t\t\t<\/div>\n\t\t\t\t\t<\/div>\n\t\t\t\t<\/div><\/nav>\n\n\n<h2 class=\"wp-block-heading\">\u00dcber mich :<\/h2>\n\n\n\n<figure class=\"wp-block-image size-full is-resized\"><img loading=\"lazy\" decoding=\"async\" width=\"240\" height=\"320\" src=\"https:\/\/hamburger-katzen.de\/wp-content\/uploads\/2025\/09\/ich-mit-Felix-2025-rotated.jpg\" alt=\"\" class=\"wp-image-150\" style=\"width:233px;height:auto\" srcset=\"https:\/\/hamburger-katzen.de\/wp-content\/uploads\/2025\/09\/ich-mit-Felix-2025-rotated.jpg 240w, https:\/\/hamburger-katzen.de\/wp-content\/uploads\/2025\/09\/ich-mit-Felix-2025-225x300.jpg 225w\" sizes=\"auto, (max-width: 240px) 100vw, 240px\" \/><\/figure>\n\n\n\n<p><strong>wie alles begann&#8230;.<\/strong><\/p>\n\n\n\n<p>Ich bin mit Tieren gro\u00df geworden \u2013 sie waren nie einfach nur da, sie waren Teil meines Lebens, meiner Familie, meiner Seele. Und ganz besonders Katzen: Ihre stille Pr\u00e4senz, ihr sanftes Schnurren, ihr eigenwilliger Charme \u2013 sie begleiten mich seit Jahrzehnten. Es gibt kaum einen Tag in meinem Leben, an dem nicht irgendwo eine Katze auf mich gewartet hat.<\/p>\n\n\n\n<p><br>Als meine langj\u00e4hrige Berufst\u00e4tigkeit zu Ende ging und ich in meinen neuen Lebensabschnitt als Rentnerin startete, wusste ich: Ich m\u00f6chte meine Zeit mit Sinn f\u00fcllen. Nicht nur f\u00fcr mich \u2013 sondern f\u00fcr andere. F\u00fcr Menschen, die ihre geliebten Samtpfoten nicht immer selbst versorgen k\u00f6nnen. Und f\u00fcr die Katzen, die in ihrer gewohnten Umgebung bleiben m\u00f6chten, auch wenn Frauchen oder Herrchen einmal nicht da sind.<br>So entstand meine mobile Katzenbetreuung \u2013 aus Liebe, aus Erfahrung und aus dem Wunsch, etwas Gutes zu tun.<\/p>\n\n\n\n<p><br>Denn ich kenne sie gut, diese Frage, die jedes Jahr aufs Neue auftaucht:<br><strong>\u201eWer k\u00fcmmert sich im Urlaub um unsere Katze?\u201c<\/strong><br>Nicht jede Katze f\u00fchlt sich in einer Pension wohl. Fremde Ger\u00fcche, fremde Ger\u00e4usche, fremde H\u00e4nde \u2013 das kann Stress bedeuten. Und Freunde oder Nachbarn, so hilfsbereit sie auch sind, haben oft nicht die Zeit oder das Gesp\u00fcr, das eine Katze braucht.<br>Was Ihre Mieze wirklich braucht, ist mehr als nur ein voller Futternapf.<br>Sie braucht Zuwendung.<br>Ein paar liebe Worte.<br>Ein sanftes B\u00fcrsten.<br>Ein Bauchstreicheln zur rechten Zeit.<\/p>\n\n\n\n<p><br>Jemanden, der merkt, wenn etwas nicht stimmt \u2013 wenn das Futter nicht schmeckt, wenn sie sich zur\u00fcckzieht, wenn vielleicht sogar ein Tierarztbesuch n\u00f6tig w\u00e4re.<\/p>\n\n\n\n<p><br><strong>Versorgt zu sein ist gut \u2013 betreut zu werden ist besser.<\/strong><br>Mir war klar: Ich habe die Zeit. Ich habe die Erfahrung. Und vor allem habe ich das Herz, um diese Aufgabe mit Hingabe zu erf\u00fcllen.<br>Denn \u00e4lter werden hei\u00dft f\u00fcr mich nicht stillstehen \u2013 sondern aktiv bleiben, mit Sinn und mit Liebe.<br>Und wenn ich dabei einer Katze ein bisschen Geborgenheit schenken kann, w\u00e4hrend ihr Mensch unterwegs ist \u2013 dann ist das f\u00fcr mich das sch\u00f6nste Geschenk.<br>Herzlichst,<br>Heike Tenfelde<\/p>\n\n\n\n<figure class=\"wp-block-image size-large is-resized\"><img loading=\"lazy\" decoding=\"async\" width=\"1024\" height=\"768\" src=\"https:\/\/hamburger-katzen.de\/wp-content\/uploads\/2025\/10\/Elias-1024x768.jpg\" alt=\"\" class=\"wp-image-221\" style=\"width:595px;height:auto\" srcset=\"https:\/\/hamburger-katzen.de\/wp-content\/uploads\/2025\/10\/Elias-1024x768.jpg 1024w, https:\/\/hamburger-katzen.de\/wp-content\/uploads\/2025\/10\/Elias-300x225.jpg 300w, https:\/\/hamburger-katzen.de\/wp-content\/uploads\/2025\/10\/Elias-768x576.jpg 768w, https:\/\/hamburger-katzen.de\/wp-content\/uploads\/2025\/10\/Elias-1536x1152.jpg 1536w, https:\/\/hamburger-katzen.de\/wp-content\/uploads\/2025\/10\/Elias-2048x1536.jpg 2048w\" sizes=\"auto, (max-width: 1024px) 100vw, 1024px\" \/><figcaption class=\"wp-element-caption\">mein Enkelkater Elias ( Katzenliebe liegt in der Familie )<\/figcaption><\/figure>\n\n\n\n<p><\/p>\n\n\n\n<p><\/p>\n\n\n\n<p><\/p>\n","protected":false},"excerpt":{"rendered":"<p>\u00dcber mich : wie alles begann&#8230;. Ich bin mit Tieren gro\u00df geworden \u2013 sie waren nie einfach nur da, sie waren Teil meines Lebens, meiner Familie, meiner Seele. Und ganz besonders Katzen: Ihre stille Pr\u00e4senz, ihr sanftes Schnurren, ihr eigenwilliger Charme \u2013 sie begleiten mich seit Jahrzehnten. Es gibt kaum einen Tag in meinem Leben, [&hellip;]<\/p>\n","protected":false},"author":1,"featured_media":0,"parent":0,"menu_order":0,"comment_status":"closed","ping_status":"closed","template":"page-with-title","meta":{"footnotes":""},"class_list":["post-101","page","type-page","status-publish","hentry"],"yoast_head":"<!-- This site is optimized with the Yoast SEO plugin v27.4 - https:\/\/yoast.com\/product\/yoast-seo-wordpress\/ -->\n<title>\u00fcber mich - Hamburger Katzen<\/title>\n<meta name=\"robots\" content=\"index, follow, max-snippet:-1, max-image-preview:large, max-video-preview:-1\" \/>\n<link rel=\"canonical\" href=\"https:\/\/hamburger-katzen.de\/?page_id=101\" \/>\n<meta property=\"og:locale\" content=\"de_DE\" \/>\n<meta property=\"og:type\" content=\"article\" \/>\n<meta property=\"og:title\" content=\"\u00fcber mich - Hamburger Katzen\" \/>\n<meta property=\"og:description\" content=\"\u00dcber mich : wie alles begann&#8230;. Ich bin mit Tieren gro\u00df geworden \u2013 sie waren nie einfach nur da, sie waren Teil meines Lebens, meiner Familie, meiner Seele. Und ganz besonders Katzen: Ihre stille Pr\u00e4senz, ihr sanftes Schnurren, ihr eigenwilliger Charme \u2013 sie begleiten mich seit Jahrzehnten. Es gibt kaum einen Tag in meinem Leben, [&hellip;]\" \/>\n<meta property=\"og:url\" content=\"https:\/\/hamburger-katzen.de\/?page_id=101\" \/>\n<meta property=\"og:site_name\" content=\"Hamburger Katzen\" \/>\n<meta property=\"article:modified_time\" content=\"2025-10-25T17:01:08+00:00\" \/>\n<meta property=\"og:image\" content=\"https:\/\/hamburger-katzen.de\/wp-content\/uploads\/2025\/09\/ich-mit-Felix-2025-rotated.jpg\" \/>\n\t<meta property=\"og:image:width\" content=\"240\" \/>\n\t<meta property=\"og:image:height\" content=\"320\" \/>\n\t<meta property=\"og:image:type\" content=\"image\/jpeg\" \/>\n<meta name=\"twitter:card\" content=\"summary_large_image\" \/>\n<meta name=\"twitter:label1\" content=\"Gesch\u00e4tzte Lesezeit\" \/>\n\t<meta name=\"twitter:data1\" content=\"3\u00a0Minuten\" \/>\n<script type=\"application\/ld+json\" class=\"yoast-schema-graph\">{\"@context\":\"https:\\\/\\\/schema.org\",\"@graph\":[{\"@type\":\"WebPage\",\"@id\":\"https:\\\/\\\/hamburger-katzen.de\\\/?page_id=101\",\"url\":\"https:\\\/\\\/hamburger-katzen.de\\\/?page_id=101\",\"name\":\"\u00fcber mich - Hamburger Katzen\",\"isPartOf\":{\"@id\":\"https:\\\/\\\/hamburger-katzen.de\\\/#website\"},\"primaryImageOfPage\":{\"@id\":\"https:\\\/\\\/hamburger-katzen.de\\\/?page_id=101#primaryimage\"},\"image\":{\"@id\":\"https:\\\/\\\/hamburger-katzen.de\\\/?page_id=101#primaryimage\"},\"thumbnailUrl\":\"https:\\\/\\\/hamburger-katzen.de\\\/wp-content\\\/uploads\\\/2025\\\/09\\\/ich-mit-Felix-2025-rotated.jpg\",\"datePublished\":\"2025-09-05T09:34:42+00:00\",\"dateModified\":\"2025-10-25T17:01:08+00:00\",\"breadcrumb\":{\"@id\":\"https:\\\/\\\/hamburger-katzen.de\\\/?page_id=101#breadcrumb\"},\"inLanguage\":\"de\",\"potentialAction\":[{\"@type\":\"ReadAction\",\"target\":[\"https:\\\/\\\/hamburger-katzen.de\\\/?page_id=101\"]}]},{\"@type\":\"ImageObject\",\"inLanguage\":\"de\",\"@id\":\"https:\\\/\\\/hamburger-katzen.de\\\/?page_id=101#primaryimage\",\"url\":\"https:\\\/\\\/hamburger-katzen.de\\\/wp-content\\\/uploads\\\/2025\\\/09\\\/ich-mit-Felix-2025-rotated.jpg\",\"contentUrl\":\"https:\\\/\\\/hamburger-katzen.de\\\/wp-content\\\/uploads\\\/2025\\\/09\\\/ich-mit-Felix-2025-rotated.jpg\",\"width\":240,\"height\":320},{\"@type\":\"BreadcrumbList\",\"@id\":\"https:\\\/\\\/hamburger-katzen.de\\\/?page_id=101#breadcrumb\",\"itemListElement\":[{\"@type\":\"ListItem\",\"position\":1,\"name\":\"Startseite\",\"item\":\"https:\\\/\\\/hamburger-katzen.de\\\/\"},{\"@type\":\"ListItem\",\"position\":2,\"name\":\"\u00fcber mich\"}]},{\"@type\":\"WebSite\",\"@id\":\"https:\\\/\\\/hamburger-katzen.de\\\/#website\",\"url\":\"https:\\\/\\\/hamburger-katzen.de\\\/\",\"name\":\"mobile Katzenbetreuung Heike Tenfelde\",\"description\":\"mobile Katzenbetreuung\",\"publisher\":{\"@id\":\"https:\\\/\\\/hamburger-katzen.de\\\/#\\\/schema\\\/person\\\/e93d5b8b76285dcbe25d766431d31d2b\"},\"potentialAction\":[{\"@type\":\"SearchAction\",\"target\":{\"@type\":\"EntryPoint\",\"urlTemplate\":\"https:\\\/\\\/hamburger-katzen.de\\\/?s={search_term_string}\"},\"query-input\":{\"@type\":\"PropertyValueSpecification\",\"valueRequired\":true,\"valueName\":\"search_term_string\"}}],\"inLanguage\":\"de\"},{\"@type\":[\"Person\",\"Organization\"],\"@id\":\"https:\\\/\\\/hamburger-katzen.de\\\/#\\\/schema\\\/person\\\/e93d5b8b76285dcbe25d766431d31d2b\",\"name\":\"admin\",\"image\":{\"@type\":\"ImageObject\",\"inLanguage\":\"de\",\"@id\":\"https:\\\/\\\/hamburger-katzen.de\\\/wp-content\\\/uploads\\\/2025\\\/10\\\/favicon2_1274x1397-2.jpg\",\"url\":\"https:\\\/\\\/hamburger-katzen.de\\\/wp-content\\\/uploads\\\/2025\\\/10\\\/favicon2_1274x1397-2.jpg\",\"contentUrl\":\"https:\\\/\\\/hamburger-katzen.de\\\/wp-content\\\/uploads\\\/2025\\\/10\\\/favicon2_1274x1397-2.jpg\",\"width\":47,\"height\":52,\"caption\":\"admin\"},\"logo\":{\"@id\":\"https:\\\/\\\/hamburger-katzen.de\\\/wp-content\\\/uploads\\\/2025\\\/10\\\/favicon2_1274x1397-2.jpg\"},\"sameAs\":[\"https:\\\/\\\/hamburger-katzen.de\"]}]}<\/script>\n<!-- \/ Yoast SEO plugin. -->","yoast_head_json":{"title":"\u00fcber mich - Hamburger Katzen","robots":{"index":"index","follow":"follow","max-snippet":"max-snippet:-1","max-image-preview":"max-image-preview:large","max-video-preview":"max-video-preview:-1"},"canonical":"https:\/\/hamburger-katzen.de\/?page_id=101","og_locale":"de_DE","og_type":"article","og_title":"\u00fcber mich - Hamburger Katzen","og_description":"\u00dcber mich : wie alles begann&#8230;. Ich bin mit Tieren gro\u00df geworden \u2013 sie waren nie einfach nur da, sie waren Teil meines Lebens, meiner Familie, meiner Seele. Und ganz besonders Katzen: Ihre stille Pr\u00e4senz, ihr sanftes Schnurren, ihr eigenwilliger Charme \u2013 sie begleiten mich seit Jahrzehnten. Es gibt kaum einen Tag in meinem Leben, [&hellip;]","og_url":"https:\/\/hamburger-katzen.de\/?page_id=101","og_site_name":"Hamburger Katzen","article_modified_time":"2025-10-25T17:01:08+00:00","og_image":[{"width":240,"height":320,"url":"https:\/\/hamburger-katzen.de\/wp-content\/uploads\/2025\/09\/ich-mit-Felix-2025-rotated.jpg","type":"image\/jpeg"}],"twitter_card":"summary_large_image","twitter_misc":{"Gesch\u00e4tzte Lesezeit":"3\u00a0Minuten"},"schema":{"@context":"https:\/\/schema.org","@graph":[{"@type":"WebPage","@id":"https:\/\/hamburger-katzen.de\/?page_id=101","url":"https:\/\/hamburger-katzen.de\/?page_id=101","name":"\u00fcber mich - Hamburger Katzen","isPartOf":{"@id":"https:\/\/hamburger-katzen.de\/#website"},"primaryImageOfPage":{"@id":"https:\/\/hamburger-katzen.de\/?page_id=101#primaryimage"},"image":{"@id":"https:\/\/hamburger-katzen.de\/?page_id=101#primaryimage"},"thumbnailUrl":"https:\/\/hamburger-katzen.de\/wp-content\/uploads\/2025\/09\/ich-mit-Felix-2025-rotated.jpg","datePublished":"2025-09-05T09:34:42+00:00","dateModified":"2025-10-25T17:01:08+00:00","breadcrumb":{"@id":"https:\/\/hamburger-katzen.de\/?page_id=101#breadcrumb"},"inLanguage":"de","potentialAction":[{"@type":"ReadAction","target":["https:\/\/hamburger-katzen.de\/?page_id=101"]}]},{"@type":"ImageObject","inLanguage":"de","@id":"https:\/\/hamburger-katzen.de\/?page_id=101#primaryimage","url":"https:\/\/hamburger-katzen.de\/wp-content\/uploads\/2025\/09\/ich-mit-Felix-2025-rotated.jpg","contentUrl":"https:\/\/hamburger-katzen.de\/wp-content\/uploads\/2025\/09\/ich-mit-Felix-2025-rotated.jpg","width":240,"height":320},{"@type":"BreadcrumbList","@id":"https:\/\/hamburger-katzen.de\/?page_id=101#breadcrumb","itemListElement":[{"@type":"ListItem","position":1,"name":"Startseite","item":"https:\/\/hamburger-katzen.de\/"},{"@type":"ListItem","position":2,"name":"\u00fcber mich"}]},{"@type":"WebSite","@id":"https:\/\/hamburger-katzen.de\/#website","url":"https:\/\/hamburger-katzen.de\/","name":"mobile Katzenbetreuung Heike Tenfelde","description":"mobile Katzenbetreuung","publisher":{"@id":"https:\/\/hamburger-katzen.de\/#\/schema\/person\/e93d5b8b76285dcbe25d766431d31d2b"},"potentialAction":[{"@type":"SearchAction","target":{"@type":"EntryPoint","urlTemplate":"https:\/\/hamburger-katzen.de\/?s={search_term_string}"},"query-input":{"@type":"PropertyValueSpecification","valueRequired":true,"valueName":"search_term_string"}}],"inLanguage":"de"},{"@type":["Person","Organization"],"@id":"https:\/\/hamburger-katzen.de\/#\/schema\/person\/e93d5b8b76285dcbe25d766431d31d2b","name":"admin","image":{"@type":"ImageObject","inLanguage":"de","@id":"https:\/\/hamburger-katzen.de\/wp-content\/uploads\/2025\/10\/favicon2_1274x1397-2.jpg","url":"https:\/\/hamburger-katzen.de\/wp-content\/uploads\/2025\/10\/favicon2_1274x1397-2.jpg","contentUrl":"https:\/\/hamburger-katzen.de\/wp-content\/uploads\/2025\/10\/favicon2_1274x1397-2.jpg","width":47,"height":52,"caption":"admin"},"logo":{"@id":"https:\/\/hamburger-katzen.de\/wp-content\/uploads\/2025\/10\/favicon2_1274x1397-2.jpg"},"sameAs":["https:\/\/hamburger-katzen.de"]}]}},"_links":{"self":[{"href":"https:\/\/hamburger-katzen.de\/index.php?rest_route=\/wp\/v2\/pages\/101","targetHints":{"allow":["GET"]}}],"collection":[{"href":"https:\/\/hamburger-katzen.de\/index.php?rest_route=\/wp\/v2\/pages"}],"about":[{"href":"https:\/\/hamburger-katzen.de\/index.php?rest_route=\/wp\/v2\/types\/page"}],"author":[{"embeddable":true,"href":"https:\/\/hamburger-katzen.de\/index.php?rest_route=\/wp\/v2\/users\/1"}],"replies":[{"embeddable":true,"href":"https:\/\/hamburger-katzen.de\/index.php?rest_route=%2Fwp%2Fv2%2Fcomments&post=101"}],"version-history":[{"count":8,"href":"https:\/\/hamburger-katzen.de\/index.php?rest_route=\/wp\/v2\/pages\/101\/revisions"}],"predecessor-version":[{"id":222,"href":"https:\/\/hamburger-katzen.de\/index.php?rest_route=\/wp\/v2\/pages\/101\/revisions\/222"}],"wp:attachment":[{"href":"https:\/\/hamburger-katzen.de\/index.php?rest_route=%2Fwp%2Fv2%2Fmedia&parent=101"}],"curies":[{"name":"wp","href":"https:\/\/api.w.org\/{rel}","templated":true}]}}